{"id":759,"date":"2025-02-08T11:36:27","date_gmt":"2025-02-08T10:36:27","guid":{"rendered":"https:\/\/duosebetso.fr\/?page_id=759"},"modified":"2026-02-06T17:37:42","modified_gmt":"2026-02-06T16:37:42","slug":"spectacles","status":"publish","type":"page","link":"https:\/\/duosebetso.fr\/?page_id=759","title":{"rendered":"Spectacles"},"content":{"rendered":"\t\t<div data-elementor-type=\"wp-page\" data-elementor-id=\"759\" class=\"elementor elementor-759\">\n\t\t\t\t<div class=\"elementor-element elementor-element-09384c2 e-flex e-con-boxed e-con e-parent\" data-id=\"09384c2\" data-element_type=\"container\">\n\t\t\t\t\t<div class=\"e-con-inner\">\n\t\t\t\t<div class=\"elementor-element elementor-element-d02c1df elementor-widget elementor-widget-heading\" data-id=\"d02c1df\" data-element_type=\"widget\" data-widget_type=\"heading.default\">\n\t\t\t\t<div class=\"elementor-widget-container\">\n\t\t\t\t\t<h4 class=\"elementor-heading-title elementor-size-default\">Cliquez pour d\u00e9couvrir nos cr\u00e9ations<\/h4>\t\t\t\t<\/div>\n\t\t\t\t<\/div>\n\t\t\t\t\t<\/div>\n\t\t\t\t<\/div>\n\t\t<div class=\"elementor-element elementor-element-fc8c4f4 e-flex e-con-boxed e-con e-parent\" data-id=\"fc8c4f4\" data-element_type=\"container\">\n\t\t\t\t\t<div class=\"e-con-inner\">\n\t\t<div class=\"elementor-element elementor-element-1ff7414 e-con-full e-flex e-con e-child\" data-id=\"1ff7414\" data-element_type=\"container\">\n\t\t\t\t<div class=\"elementor-element elementor-element-cf7a540 elementor-position-top elementor-widget elementor-widget-image-box\" data-id=\"cf7a540\" data-element_type=\"widget\" data-widget_type=\"image-box.default\">\n\t\t\t\t<div class=\"elementor-widget-container\">\n\t\t\t\t\t<div class=\"elementor-image-box-wrapper\"><figure class=\"elementor-image-box-img\"><a href=\"https:\/\/duosebetso.fr\/?page_id=773\" tabindex=\"-1\"><img fetchpriority=\"high\" decoding=\"async\" width=\"300\" height=\"300\" src=\"https:\/\/duosebetso.fr\/wp-content\/uploads\/2025\/02\/affiche-vierge-brassens-2-300x300.jpg\" class=\"attachment-post-thumbnail size-post-thumbnail wp-image-765\" alt=\"\" srcset=\"https:\/\/duosebetso.fr\/wp-content\/uploads\/2025\/02\/affiche-vierge-brassens-2-300x300.jpg 300w, https:\/\/duosebetso.fr\/wp-content\/uploads\/2025\/02\/affiche-vierge-brassens-2-150x150.jpg 150w\" sizes=\"(max-width: 300px) 100vw, 300px\" \/><\/a><\/figure><div class=\"elementor-image-box-content\"><h3 class=\"elementor-image-box-title\"><a href=\"https:\/\/duosebetso.fr\/?page_id=773\">Autour de Brassens<\/a><\/h3><p class=\"elementor-image-box-description\">Un concert associ\u00e9 \u00e0 l'exposition \"Elle est \u00e0 toi cette citation...\"<\/p><\/div><\/div>\t\t\t\t<\/div>\n\t\t\t\t<\/div>\n\t\t\t\t<\/div>\n\t\t<div class=\"elementor-element elementor-element-406a39a e-con-full e-flex e-con e-child\" data-id=\"406a39a\" data-element_type=\"container\">\n\t\t\t\t<div class=\"elementor-element elementor-element-9aa8179 elementor-position-top elementor-widget elementor-widget-image-box\" data-id=\"9aa8179\" data-element_type=\"widget\" data-widget_type=\"image-box.default\">\n\t\t\t\t<div class=\"elementor-widget-container\">\n\t\t\t\t\t<div class=\"elementor-image-box-wrapper\"><figure class=\"elementor-image-box-img\"><a href=\"https:\/\/duosebetso.fr\/?page_id=4585\" tabindex=\"-1\"><img decoding=\"async\" width=\"300\" height=\"300\" src=\"https:\/\/duosebetso.fr\/wp-content\/uploads\/2026\/02\/vibration-reggae-fond4-1-300x300.jpg\" class=\"attachment-post-thumbnail size-post-thumbnail wp-image-4578\" alt=\"\" srcset=\"https:\/\/duosebetso.fr\/wp-content\/uploads\/2026\/02\/vibration-reggae-fond4-1-300x300.jpg 300w, https:\/\/duosebetso.fr\/wp-content\/uploads\/2026\/02\/vibration-reggae-fond4-1-150x150.jpg 150w\" sizes=\"(max-width: 300px) 100vw, 300px\" \/><\/a><\/figure><div class=\"elementor-image-box-content\"><h3 class=\"elementor-image-box-title\"><a href=\"https:\/\/duosebetso.fr\/?page_id=4585\">Vibration Reggae<\/a><\/h3><p class=\"elementor-image-box-description\">Reprises de classiques du Reggae<\/p><\/div><\/div>\t\t\t\t<\/div>\n\t\t\t\t<\/div>\n\t\t\t\t<\/div>\n\t\t<div class=\"elementor-element elementor-element-2e205d9 e-con-full e-flex e-con e-child\" data-id=\"2e205d9\" data-element_type=\"container\">\n\t\t\t\t<div class=\"elementor-element elementor-element-47d93b8 elementor-position-top elementor-widget elementor-widget-image-box\" data-id=\"47d93b8\" data-element_type=\"widget\" data-widget_type=\"image-box.default\">\n\t\t\t\t<div class=\"elementor-widget-container\">\n\t\t\t\t\t<div class=\"elementor-image-box-wrapper\"><figure class=\"elementor-image-box-img\"><a href=\"https:\/\/duosebetso.fr\/?page_id=778\" tabindex=\"-1\"><img decoding=\"async\" width=\"300\" height=\"300\" src=\"https:\/\/duosebetso.fr\/wp-content\/uploads\/2025\/02\/visuel-300x300.jpg\" class=\"attachment-post-thumbnail size-post-thumbnail wp-image-761\" alt=\"\" srcset=\"https:\/\/duosebetso.fr\/wp-content\/uploads\/2025\/02\/visuel-300x300.jpg 300w, https:\/\/duosebetso.fr\/wp-content\/uploads\/2025\/02\/visuel-150x150.jpg 150w\" sizes=\"(max-width: 300px) 100vw, 300px\" \/><\/a><\/figure><div class=\"elementor-image-box-content\"><h3 class=\"elementor-image-box-title\"><a href=\"https:\/\/duosebetso.fr\/?page_id=778\">Battements d'Elles<\/a><\/h3><p class=\"elementor-image-box-description\">Notre conte musical associant chanson fran\u00e7aise, danse et conte musical<\/p><\/div><\/div>\t\t\t\t<\/div>\n\t\t\t\t<\/div>\n\t\t\t\t<\/div>\n\t\t\t\t\t<\/div>\n\t\t\t\t<\/div>\n\t\t\t\t<\/div>\n\t\t","protected":false},"excerpt":{"rendered":"<p>Cliquez pour d\u00e9couvrir nos cr\u00e9ations Autour de Brassens Un concert associ\u00e9 \u00e0 l&rsquo;exposition \u00ab\u00a0Elle est \u00e0 toi cette citation&#8230;\u00a0\u00bb Vibration Reggae Reprises de classiques du Reggae Battements d&rsquo;Elles Notre conte musical associant chanson fran\u00e7aise, danse et conte musical<\/p>\n","protected":false},"author":1,"featured_media":0,"parent":0,"menu_order":0,"comment_status":"closed","ping_status":"closed","template":"","meta":{"footnotes":""},"class_list":["post-759","page","type-page","status-publish","hentry"],"yoast_head":"<!-- This site is optimized with the Yoast SEO plugin v24.9 - https:\/\/yoast.com\/wordpress\/plugins\/seo\/ -->\n<title>Spectacles - Seb &amp; So<\/title>\n<meta name=\"robots\" content=\"index, follow, max-snippet:-1, max-image-preview:large, max-video-preview:-1\" \/>\n<link rel=\"canonical\" href=\"https:\/\/duosebetso.fr\/?page_id=759\" \/>\n<meta property=\"og:locale\" content=\"fr_FR\" \/>\n<meta property=\"og:type\" content=\"article\" \/>\n<meta property=\"og:title\" content=\"Spectacles - Seb &amp; So\" \/>\n<meta property=\"og:description\" content=\"Cliquez pour d\u00e9couvrir nos cr\u00e9ations Autour de Brassens Un concert associ\u00e9 \u00e0 l&rsquo;exposition \u00ab\u00a0Elle est \u00e0 toi cette citation&#8230;\u00a0\u00bb Vibration Reggae Reprises de classiques du Reggae Battements d&rsquo;Elles Notre conte musical associant chanson fran\u00e7aise, danse et conte musical\" \/>\n<meta property=\"og:url\" content=\"https:\/\/duosebetso.fr\/?page_id=759\" \/>\n<meta property=\"og:site_name\" content=\"Seb &amp; So\" \/>\n<meta property=\"article:publisher\" content=\"https:\/\/www.facebook.com\/people\/Sebso\/100064023331351\/\" \/>\n<meta property=\"article:modified_time\" content=\"2026-02-06T16:37:42+00:00\" \/>\n<meta property=\"og:image\" content=\"https:\/\/duosebetso.fr\/wp-content\/uploads\/2025\/02\/affiche-vierge-brassens-2-scaled.jpg\" \/>\n\t<meta property=\"og:image:width\" content=\"1810\" \/>\n\t<meta property=\"og:image:height\" content=\"2560\" \/>\n\t<meta property=\"og:image:type\" content=\"image\/jpeg\" \/>\n<meta name=\"twitter:card\" content=\"summary_large_image\" \/>\n<meta name=\"twitter:label1\" content=\"Dur\u00e9e de lecture estim\u00e9e\" \/>\n\t<meta name=\"twitter:data1\" content=\"1 minute\" \/>\n<script type=\"application\/ld+json\" class=\"yoast-schema-graph\">{\"@context\":\"https:\/\/schema.org\",\"@graph\":[{\"@type\":\"WebPage\",\"@id\":\"https:\/\/duosebetso.fr\/?page_id=759\",\"url\":\"https:\/\/duosebetso.fr\/?page_id=759\",\"name\":\"Spectacles - Seb &amp; So\",\"isPartOf\":{\"@id\":\"https:\/\/duosebetso.fr\/#website\"},\"primaryImageOfPage\":{\"@id\":\"https:\/\/duosebetso.fr\/?page_id=759#primaryimage\"},\"image\":{\"@id\":\"https:\/\/duosebetso.fr\/?page_id=759#primaryimage\"},\"thumbnailUrl\":\"http:\/\/duosebetso.fr\/wp-content\/uploads\/2025\/02\/affiche-vierge-brassens-2-300x300.jpg\",\"datePublished\":\"2025-02-08T10:36:27+00:00\",\"dateModified\":\"2026-02-06T16:37:42+00:00\",\"breadcrumb\":{\"@id\":\"https:\/\/duosebetso.fr\/?page_id=759#breadcrumb\"},\"inLanguage\":\"fr-FR\",\"potentialAction\":[{\"@type\":\"ReadAction\",\"target\":[\"https:\/\/duosebetso.fr\/?page_id=759\"]}]},{\"@type\":\"ImageObject\",\"inLanguage\":\"fr-FR\",\"@id\":\"https:\/\/duosebetso.fr\/?page_id=759#primaryimage\",\"url\":\"https:\/\/duosebetso.fr\/wp-content\/uploads\/2025\/02\/affiche-vierge-brassens-2-scaled.jpg\",\"contentUrl\":\"https:\/\/duosebetso.fr\/wp-content\/uploads\/2025\/02\/affiche-vierge-brassens-2-scaled.jpg\",\"width\":1810,\"height\":2560},{\"@type\":\"BreadcrumbList\",\"@id\":\"https:\/\/duosebetso.fr\/?page_id=759#breadcrumb\",\"itemListElement\":[{\"@type\":\"ListItem\",\"position\":1,\"name\":\"Accueil\",\"item\":\"https:\/\/duosebetso.fr\/\"},{\"@type\":\"ListItem\",\"position\":2,\"name\":\"Spectacles\"}]},{\"@type\":\"WebSite\",\"@id\":\"https:\/\/duosebetso.fr\/#website\",\"url\":\"https:\/\/duosebetso.fr\/\",\"name\":\"Seb & So\",\"description\":\"\",\"publisher\":{\"@id\":\"https:\/\/duosebetso.fr\/#organization\"},\"potentialAction\":[{\"@type\":\"SearchAction\",\"target\":{\"@type\":\"EntryPoint\",\"urlTemplate\":\"https:\/\/duosebetso.fr\/?s={search_term_string}\"},\"query-input\":{\"@type\":\"PropertyValueSpecification\",\"valueRequired\":true,\"valueName\":\"search_term_string\"}}],\"inLanguage\":\"fr-FR\"},{\"@type\":\"Organization\",\"@id\":\"https:\/\/duosebetso.fr\/#organization\",\"name\":\"Seb & So\",\"url\":\"https:\/\/duosebetso.fr\/\",\"logo\":{\"@type\":\"ImageObject\",\"inLanguage\":\"fr-FR\",\"@id\":\"https:\/\/duosebetso.fr\/#\/schema\/logo\/image\/\",\"url\":\"https:\/\/duosebetso.fr\/wp-content\/uploads\/2023\/11\/sebso1.png\",\"contentUrl\":\"https:\/\/duosebetso.fr\/wp-content\/uploads\/2023\/11\/sebso1.png\",\"width\":1407,\"height\":616,\"caption\":\"Seb & So\"},\"image\":{\"@id\":\"https:\/\/duosebetso.fr\/#\/schema\/logo\/image\/\"},\"sameAs\":[\"https:\/\/www.facebook.com\/people\/Sebso\/100064023331351\/\"]}]}<\/script>\n<!-- \/ Yoast SEO plugin. -->","yoast_head_json":{"title":"Spectacles - Seb &amp; So","robots":{"index":"index","follow":"follow","max-snippet":"max-snippet:-1","max-image-preview":"max-image-preview:large","max-video-preview":"max-video-preview:-1"},"canonical":"https:\/\/duosebetso.fr\/?page_id=759","og_locale":"fr_FR","og_type":"article","og_title":"Spectacles - Seb &amp; So","og_description":"Cliquez pour d\u00e9couvrir nos cr\u00e9ations Autour de Brassens Un concert associ\u00e9 \u00e0 l&rsquo;exposition \u00ab\u00a0Elle est \u00e0 toi cette citation&#8230;\u00a0\u00bb Vibration Reggae Reprises de classiques du Reggae Battements d&rsquo;Elles Notre conte musical associant chanson fran\u00e7aise, danse et conte musical","og_url":"https:\/\/duosebetso.fr\/?page_id=759","og_site_name":"Seb &amp; So","article_publisher":"https:\/\/www.facebook.com\/people\/Sebso\/100064023331351\/","article_modified_time":"2026-02-06T16:37:42+00:00","og_image":[{"width":1810,"height":2560,"url":"https:\/\/duosebetso.fr\/wp-content\/uploads\/2025\/02\/affiche-vierge-brassens-2-scaled.jpg","type":"image\/jpeg"}],"twitter_card":"summary_large_image","twitter_misc":{"Dur\u00e9e de lecture estim\u00e9e":"1 minute"},"schema":{"@context":"https:\/\/schema.org","@graph":[{"@type":"WebPage","@id":"https:\/\/duosebetso.fr\/?page_id=759","url":"https:\/\/duosebetso.fr\/?page_id=759","name":"Spectacles - Seb &amp; So","isPartOf":{"@id":"https:\/\/duosebetso.fr\/#website"},"primaryImageOfPage":{"@id":"https:\/\/duosebetso.fr\/?page_id=759#primaryimage"},"image":{"@id":"https:\/\/duosebetso.fr\/?page_id=759#primaryimage"},"thumbnailUrl":"http:\/\/duosebetso.fr\/wp-content\/uploads\/2025\/02\/affiche-vierge-brassens-2-300x300.jpg","datePublished":"2025-02-08T10:36:27+00:00","dateModified":"2026-02-06T16:37:42+00:00","breadcrumb":{"@id":"https:\/\/duosebetso.fr\/?page_id=759#breadcrumb"},"inLanguage":"fr-FR","potentialAction":[{"@type":"ReadAction","target":["https:\/\/duosebetso.fr\/?page_id=759"]}]},{"@type":"ImageObject","inLanguage":"fr-FR","@id":"https:\/\/duosebetso.fr\/?page_id=759#primaryimage","url":"https:\/\/duosebetso.fr\/wp-content\/uploads\/2025\/02\/affiche-vierge-brassens-2-scaled.jpg","contentUrl":"https:\/\/duosebetso.fr\/wp-content\/uploads\/2025\/02\/affiche-vierge-brassens-2-scaled.jpg","width":1810,"height":2560},{"@type":"BreadcrumbList","@id":"https:\/\/duosebetso.fr\/?page_id=759#breadcrumb","itemListElement":[{"@type":"ListItem","position":1,"name":"Accueil","item":"https:\/\/duosebetso.fr\/"},{"@type":"ListItem","position":2,"name":"Spectacles"}]},{"@type":"WebSite","@id":"https:\/\/duosebetso.fr\/#website","url":"https:\/\/duosebetso.fr\/","name":"Seb & So","description":"","publisher":{"@id":"https:\/\/duosebetso.fr\/#organization"},"potentialAction":[{"@type":"SearchAction","target":{"@type":"EntryPoint","urlTemplate":"https:\/\/duosebetso.fr\/?s={search_term_string}"},"query-input":{"@type":"PropertyValueSpecification","valueRequired":true,"valueName":"search_term_string"}}],"inLanguage":"fr-FR"},{"@type":"Organization","@id":"https:\/\/duosebetso.fr\/#organization","name":"Seb & So","url":"https:\/\/duosebetso.fr\/","logo":{"@type":"ImageObject","inLanguage":"fr-FR","@id":"https:\/\/duosebetso.fr\/#\/schema\/logo\/image\/","url":"https:\/\/duosebetso.fr\/wp-content\/uploads\/2023\/11\/sebso1.png","contentUrl":"https:\/\/duosebetso.fr\/wp-content\/uploads\/2023\/11\/sebso1.png","width":1407,"height":616,"caption":"Seb & So"},"image":{"@id":"https:\/\/duosebetso.fr\/#\/schema\/logo\/image\/"},"sameAs":["https:\/\/www.facebook.com\/people\/Sebso\/100064023331351\/"]}]}},"_links":{"self":[{"href":"https:\/\/duosebetso.fr\/index.php?rest_route=\/wp\/v2\/pages\/759","targetHints":{"allow":["GET"]}}],"collection":[{"href":"https:\/\/duosebetso.fr\/index.php?rest_route=\/wp\/v2\/pages"}],"about":[{"href":"https:\/\/duosebetso.fr\/index.php?rest_route=\/wp\/v2\/types\/page"}],"author":[{"embeddable":true,"href":"https:\/\/duosebetso.fr\/index.php?rest_route=\/wp\/v2\/users\/1"}],"replies":[{"embeddable":true,"href":"https:\/\/duosebetso.fr\/index.php?rest_route=%2Fwp%2Fv2%2Fcomments&post=759"}],"version-history":[{"count":38,"href":"https:\/\/duosebetso.fr\/index.php?rest_route=\/wp\/v2\/pages\/759\/revisions"}],"predecessor-version":[{"id":4595,"href":"https:\/\/duosebetso.fr\/index.php?rest_route=\/wp\/v2\/pages\/759\/revisions\/4595"}],"wp:attachment":[{"href":"https:\/\/duosebetso.fr\/index.php?rest_route=%2Fwp%2Fv2%2Fmedia&parent=759"}],"curies":[{"name":"wp","href":"https:\/\/api.w.org\/{rel}","templated":true}]}}