{"id":358,"date":"2023-11-20T20:58:40","date_gmt":"2023-11-20T19:58:40","guid":{"rendered":"https:\/\/duosebetso.fr\/?page_id=358"},"modified":"2024-03-03T16:00:17","modified_gmt":"2024-03-03T15:00:17","slug":"discographie","status":"publish","type":"page","link":"https:\/\/duosebetso.fr\/?page_id=358","title":{"rendered":"Discographie"},"content":{"rendered":"\t\t<div data-elementor-type=\"wp-page\" data-elementor-id=\"358\" class=\"elementor elementor-358\">\n\t\t\t\t<div class=\"elementor-element elementor-element-1c97732 e-flex e-con-boxed e-con e-parent\" data-id=\"1c97732\" data-element_type=\"container\">\n\t\t\t\t\t<div class=\"e-con-inner\">\n\t\t<div class=\"elementor-element elementor-element-40031cf e-con-full e-flex e-con e-child\" data-id=\"40031cf\" data-element_type=\"container\">\n\t\t\t\t<div class=\"elementor-element elementor-element-c4d159e elementor-widget elementor-widget-text-editor\" data-id=\"c4d159e\" data-element_type=\"widget\" data-widget_type=\"text-editor.default\">\n\t\t\t\t<div class=\"elementor-widget-container\">\n\t\t\t\t\t\t\t\t\t<p><span style=\"text-decoration: underline;\">Sans artifices :<\/span> Premier album sorti en 2016, enregistr\u00e9 et mix\u00e9 par Samuel Leroy. 13 chansons fran\u00e7aises originales enregistr\u00e9es de mani\u00e8re \u00e9pur\u00e9e (deux voix avec guitare ou piano) d&rsquo;o\u00f9 le titre de l&rsquo;album.<\/p>\t\t\t\t\t\t\t\t<\/div>\n\t\t\t\t<\/div>\n\t\t\t\t<\/div>\n\t\t<div class=\"elementor-element elementor-element-9bcc518 e-con-full e-flex e-con e-child\" data-id=\"9bcc518\" data-element_type=\"container\">\n\t\t\t\t<div class=\"elementor-element elementor-element-bc91719 elementor-widget elementor-widget-image\" data-id=\"bc91719\" data-element_type=\"widget\" data-widget_type=\"image.default\">\n\t\t\t\t<div class=\"elementor-widget-container\">\n\t\t\t\t\t\t\t\t\t\t\t\t\t\t\t<img fetchpriority=\"high\" decoding=\"async\" width=\"768\" height=\"569\" src=\"https:\/\/duosebetso.fr\/wp-content\/uploads\/2023\/11\/cd1-sans-artifices-768x569.png\" class=\"attachment-medium_large size-medium_large wp-image-420\" alt=\"\" srcset=\"https:\/\/duosebetso.fr\/wp-content\/uploads\/2023\/11\/cd1-sans-artifices-768x569.png 768w, https:\/\/duosebetso.fr\/wp-content\/uploads\/2023\/11\/cd1-sans-artifices-300x222.png 300w, https:\/\/duosebetso.fr\/wp-content\/uploads\/2023\/11\/cd1-sans-artifices-1024x758.png 1024w, https:\/\/duosebetso.fr\/wp-content\/uploads\/2023\/11\/cd1-sans-artifices-1536x1137.png 1536w, https:\/\/duosebetso.fr\/wp-content\/uploads\/2023\/11\/cd1-sans-artifices-2048x1516.png 2048w, https:\/\/duosebetso.fr\/wp-content\/uploads\/2023\/11\/cd1-sans-artifices-160x120.png 160w\" sizes=\"(max-width: 768px) 100vw, 768px\" \/>\t\t\t\t\t\t\t\t\t\t\t\t\t\t\t<\/div>\n\t\t\t\t<\/div>\n\t\t\t\t<\/div>\n\t\t\t\t\t<\/div>\n\t\t\t\t<\/div>\n\t\t<div class=\"elementor-element elementor-element-3caf6de e-flex e-con-boxed e-con e-parent\" data-id=\"3caf6de\" data-element_type=\"container\">\n\t\t\t\t\t<div class=\"e-con-inner\">\n\t\t\t\t\t<\/div>\n\t\t\t\t<\/div>\n\t\t<div class=\"elementor-element elementor-element-74204f3 elementor-hidden-desktop e-flex e-con-boxed e-con e-parent\" data-id=\"74204f3\" data-element_type=\"container\">\n\t\t\t\t\t<div class=\"e-con-inner\">\n\t\t<div class=\"elementor-element elementor-element-58a36a6 e-con-full e-flex e-con e-child\" data-id=\"58a36a6\" data-element_type=\"container\">\n\t\t\t\t<div class=\"elementor-element elementor-element-7a647ea elementor-widget elementor-widget-text-editor\" data-id=\"7a647ea\" data-element_type=\"widget\" data-widget_type=\"text-editor.default\">\n\t\t\t\t<div class=\"elementor-widget-container\">\n\t\t\t\t\t\t\t\t\t<p><span style=\"text-decoration: underline;\">Comme \u00e0 la maison :<\/span> 2\u00e8me album (2019), autoproduit int\u00e9gralement, comme le nom de l&rsquo;album le sugg\u00e8re. 13 chansons fran\u00e7aises originales dont la chanson Oscar. Cet album poss\u00e8de une orchestration plus riche toujours \u00e0 deux voix mais avec adjonction de basse, cordes&#8230;<\/p>\t\t\t\t\t\t\t\t<\/div>\n\t\t\t\t<\/div>\n\t\t\t\t<\/div>\n\t\t<div class=\"elementor-element elementor-element-8092ef4 e-con-full e-flex e-con e-child\" data-id=\"8092ef4\" data-element_type=\"container\">\n\t\t\t\t<div class=\"elementor-element elementor-element-bbb23a8 elementor-widget elementor-widget-image\" data-id=\"bbb23a8\" data-element_type=\"widget\" data-widget_type=\"image.default\">\n\t\t\t\t<div class=\"elementor-widget-container\">\n\t\t\t\t\t\t\t\t\t\t\t\t\t\t\t<img decoding=\"async\" width=\"768\" height=\"553\" src=\"https:\/\/duosebetso.fr\/wp-content\/uploads\/2023\/11\/cd2-comme-a-la-maison-768x553.png\" class=\"attachment-medium_large size-medium_large wp-image-421\" alt=\"\" srcset=\"https:\/\/duosebetso.fr\/wp-content\/uploads\/2023\/11\/cd2-comme-a-la-maison-768x553.png 768w, https:\/\/duosebetso.fr\/wp-content\/uploads\/2023\/11\/cd2-comme-a-la-maison-300x216.png 300w, https:\/\/duosebetso.fr\/wp-content\/uploads\/2023\/11\/cd2-comme-a-la-maison-1024x737.png 1024w, https:\/\/duosebetso.fr\/wp-content\/uploads\/2023\/11\/cd2-comme-a-la-maison-1536x1105.png 1536w, https:\/\/duosebetso.fr\/wp-content\/uploads\/2023\/11\/cd2-comme-a-la-maison-2048x1474.png 2048w\" sizes=\"(max-width: 768px) 100vw, 768px\" \/>\t\t\t\t\t\t\t\t\t\t\t\t\t\t\t<\/div>\n\t\t\t\t<\/div>\n\t\t\t\t<\/div>\n\t\t\t\t\t<\/div>\n\t\t\t\t<\/div>\n\t\t<div class=\"elementor-element elementor-element-bc35391 elementor-hidden-tablet elementor-hidden-mobile e-flex e-con-boxed e-con e-parent\" data-id=\"bc35391\" data-element_type=\"container\">\n\t\t\t\t\t<div class=\"e-con-inner\">\n\t\t<div class=\"elementor-element elementor-element-f8a5e67 e-con-full e-flex e-con e-child\" data-id=\"f8a5e67\" data-element_type=\"container\">\n\t\t\t\t<div class=\"elementor-element elementor-element-f4bf3d8 elementor-widget elementor-widget-image\" data-id=\"f4bf3d8\" data-element_type=\"widget\" data-widget_type=\"image.default\">\n\t\t\t\t<div class=\"elementor-widget-container\">\n\t\t\t\t\t\t\t\t\t\t\t\t\t\t\t<img decoding=\"async\" width=\"768\" height=\"553\" src=\"https:\/\/duosebetso.fr\/wp-content\/uploads\/2023\/11\/cd2-comme-a-la-maison-768x553.png\" class=\"attachment-medium_large size-medium_large wp-image-421\" alt=\"\" srcset=\"https:\/\/duosebetso.fr\/wp-content\/uploads\/2023\/11\/cd2-comme-a-la-maison-768x553.png 768w, https:\/\/duosebetso.fr\/wp-content\/uploads\/2023\/11\/cd2-comme-a-la-maison-300x216.png 300w, https:\/\/duosebetso.fr\/wp-content\/uploads\/2023\/11\/cd2-comme-a-la-maison-1024x737.png 1024w, https:\/\/duosebetso.fr\/wp-content\/uploads\/2023\/11\/cd2-comme-a-la-maison-1536x1105.png 1536w, https:\/\/duosebetso.fr\/wp-content\/uploads\/2023\/11\/cd2-comme-a-la-maison-2048x1474.png 2048w\" sizes=\"(max-width: 768px) 100vw, 768px\" \/>\t\t\t\t\t\t\t\t\t\t\t\t\t\t\t<\/div>\n\t\t\t\t<\/div>\n\t\t\t\t<\/div>\n\t\t<div class=\"elementor-element elementor-element-0ebf0d3 e-con-full e-flex e-con e-child\" data-id=\"0ebf0d3\" data-element_type=\"container\">\n\t\t\t\t<div class=\"elementor-element elementor-element-cd0c82f elementor-widget elementor-widget-text-editor\" data-id=\"cd0c82f\" data-element_type=\"widget\" data-widget_type=\"text-editor.default\">\n\t\t\t\t<div class=\"elementor-widget-container\">\n\t\t\t\t\t\t\t\t\t<p><span style=\"text-decoration: underline;\">Comme \u00e0 la maison :<\/span> 2\u00e8me album (2019), autoproduit int\u00e9gralement, comme le nom de l&rsquo;album le sugg\u00e8re. 13 chansons fran\u00e7aises originales dont la chanson Oscar. Cet album poss\u00e8de une orchestration plus riche toujours \u00e0 deux voix mais avec adjonction de basse, cordes&#8230;<\/p>\t\t\t\t\t\t\t\t<\/div>\n\t\t\t\t<\/div>\n\t\t\t\t<\/div>\n\t\t\t\t\t<\/div>\n\t\t\t\t<\/div>\n\t\t<div class=\"elementor-element elementor-element-3354757 e-flex e-con-boxed e-con e-parent\" data-id=\"3354757\" data-element_type=\"container\">\n\t\t\t\t\t<div class=\"e-con-inner\">\n\t\t\t\t\t<\/div>\n\t\t\t\t<\/div>\n\t\t<div class=\"elementor-element elementor-element-5767766 e-flex e-con-boxed e-con e-parent\" data-id=\"5767766\" data-element_type=\"container\">\n\t\t\t\t\t<div class=\"e-con-inner\">\n\t\t<div class=\"elementor-element elementor-element-40d9419 e-con-full e-flex e-con e-child\" data-id=\"40d9419\" data-element_type=\"container\">\n\t\t\t\t<div class=\"elementor-element elementor-element-8306972 elementor-widget elementor-widget-text-editor\" data-id=\"8306972\" data-element_type=\"widget\" data-widget_type=\"text-editor.default\">\n\t\t\t\t<div class=\"elementor-widget-container\">\n\t\t\t\t\t\t\t\t\t<p><span style=\"text-decoration: underline;\">Jamais deux sans toi :<\/span> 3\u00e8me album (2022), autoproduit avec une orchestration \u00e9galement plus riche. 14 chansons fran\u00e7aises originales dont deux avec les paroles du po\u00e8tes Raymond Valcke, bien connu dans le Ternois. Le titre de l&rsquo;album est un clin d&rsquo;oeil \u00e0 l&rsquo;expression populaire \u00ab\u00a0jamais deux sans trois\u00a0\u00bb tout en soulignant les liens privil\u00e8gi\u00e8s du duo.<\/p>\t\t\t\t\t\t\t\t<\/div>\n\t\t\t\t<\/div>\n\t\t\t\t<\/div>\n\t\t<div class=\"elementor-element elementor-element-6c1acd5 e-con-full e-flex e-con e-child\" data-id=\"6c1acd5\" data-element_type=\"container\">\n\t\t\t\t<div class=\"elementor-element elementor-element-29461d8 elementor-widget elementor-widget-image\" data-id=\"29461d8\" data-element_type=\"widget\" data-widget_type=\"image.default\">\n\t\t\t\t<div class=\"elementor-widget-container\">\n\t\t\t\t\t\t\t\t\t\t\t\t\t\t\t<img decoding=\"async\" width=\"768\" height=\"576\" src=\"https:\/\/duosebetso.fr\/wp-content\/uploads\/2023\/11\/cd3-jamais-deux-sans-toi-768x576.png\" class=\"attachment-medium_large size-medium_large wp-image-422\" alt=\"\" srcset=\"https:\/\/duosebetso.fr\/wp-content\/uploads\/2023\/11\/cd3-jamais-deux-sans-toi-768x576.png 768w, https:\/\/duosebetso.fr\/wp-content\/uploads\/2023\/11\/cd3-jamais-deux-sans-toi-300x225.png 300w, https:\/\/duosebetso.fr\/wp-content\/uploads\/2023\/11\/cd3-jamais-deux-sans-toi-1024x768.png 1024w, https:\/\/duosebetso.fr\/wp-content\/uploads\/2023\/11\/cd3-jamais-deux-sans-toi-1536x1152.png 1536w, https:\/\/duosebetso.fr\/wp-content\/uploads\/2023\/11\/cd3-jamais-deux-sans-toi-2048x1536.png 2048w, https:\/\/duosebetso.fr\/wp-content\/uploads\/2023\/11\/cd3-jamais-deux-sans-toi-160x120.png 160w\" sizes=\"(max-width: 768px) 100vw, 768px\" \/>\t\t\t\t\t\t\t\t\t\t\t\t\t\t\t<\/div>\n\t\t\t\t<\/div>\n\t\t\t\t<\/div>\n\t\t\t\t\t<\/div>\n\t\t\t\t<\/div>\n\t\t<div class=\"elementor-element elementor-element-444c8d4 e-flex e-con-boxed e-con e-parent\" data-id=\"444c8d4\" data-element_type=\"container\">\n\t\t\t\t\t<div class=\"e-con-inner\">\n\t\t\t\t\t<\/div>\n\t\t\t\t<\/div>\n\t\t<div class=\"elementor-element elementor-element-d0dd212 elementor-hidden-desktop e-flex e-con-boxed e-con e-parent\" data-id=\"d0dd212\" data-element_type=\"container\">\n\t\t\t\t\t<div class=\"e-con-inner\">\n\t\t<div class=\"elementor-element elementor-element-afbe6bf e-con-full e-flex e-con e-child\" data-id=\"afbe6bf\" data-element_type=\"container\">\n\t\t\t\t<div class=\"elementor-element elementor-element-af5363a elementor-widget elementor-widget-text-editor\" data-id=\"af5363a\" data-element_type=\"widget\" data-widget_type=\"text-editor.default\">\n\t\t\t\t<div class=\"elementor-widget-container\">\n\t\t\t\t\t\t\t\t\t<p><span style=\"text-decoration: underline;\">N\u00b04 :<\/span>\u00a0 Album po\u00e9tique et exclusivement en formule piano-chant, Sonia au chant, accompagn\u00e9e par Seb au piano. 16 chansons dont 4 reprises r\u00e9arrang\u00e9es issues d&rsquo;albums pr\u00e9c\u00e9dents.<\/p>\t\t\t\t\t\t\t\t<\/div>\n\t\t\t\t<\/div>\n\t\t\t\t<\/div>\n\t\t<div class=\"elementor-element elementor-element-dfeb45b e-con-full e-flex e-con e-child\" data-id=\"dfeb45b\" data-element_type=\"container\">\n\t\t\t\t<div class=\"elementor-element elementor-element-0dfdf0f elementor-widget elementor-widget-image\" data-id=\"0dfdf0f\" data-element_type=\"widget\" data-widget_type=\"image.default\">\n\t\t\t\t<div class=\"elementor-widget-container\">\n\t\t\t\t\t\t\t\t\t\t\t\t\t\t\t<img loading=\"lazy\" decoding=\"async\" width=\"768\" height=\"768\" src=\"https:\/\/duosebetso.fr\/wp-content\/uploads\/2023\/11\/visuel-pochette-768x768.jpg\" class=\"attachment-medium_large size-medium_large wp-image-624\" alt=\"\" srcset=\"https:\/\/duosebetso.fr\/wp-content\/uploads\/2023\/11\/visuel-pochette-768x768.jpg 768w, https:\/\/duosebetso.fr\/wp-content\/uploads\/2023\/11\/visuel-pochette-300x300.jpg 300w, https:\/\/duosebetso.fr\/wp-content\/uploads\/2023\/11\/visuel-pochette-1024x1024.jpg 1024w, https:\/\/duosebetso.fr\/wp-content\/uploads\/2023\/11\/visuel-pochette-150x150.jpg 150w, https:\/\/duosebetso.fr\/wp-content\/uploads\/2023\/11\/visuel-pochette-1536x1536.jpg 1536w, https:\/\/duosebetso.fr\/wp-content\/uploads\/2023\/11\/visuel-pochette-2048x2048.jpg 2048w\" sizes=\"(max-width: 768px) 100vw, 768px\" \/>\t\t\t\t\t\t\t\t\t\t\t\t\t\t\t<\/div>\n\t\t\t\t<\/div>\n\t\t\t\t<\/div>\n\t\t\t\t\t<\/div>\n\t\t\t\t<\/div>\n\t\t<div class=\"elementor-element elementor-element-d65db31 elementor-hidden-tablet elementor-hidden-mobile e-flex e-con-boxed e-con e-parent\" data-id=\"d65db31\" data-element_type=\"container\">\n\t\t\t\t\t<div class=\"e-con-inner\">\n\t\t<div class=\"elementor-element elementor-element-47836c3 e-con-full e-flex e-con e-child\" data-id=\"47836c3\" data-element_type=\"container\">\n\t\t\t\t<div class=\"elementor-element elementor-element-72148f8 elementor-widget elementor-widget-image\" data-id=\"72148f8\" data-element_type=\"widget\" data-widget_type=\"image.default\">\n\t\t\t\t<div class=\"elementor-widget-container\">\n\t\t\t\t\t\t\t\t\t\t\t\t\t\t\t<img loading=\"lazy\" decoding=\"async\" width=\"768\" height=\"768\" src=\"https:\/\/duosebetso.fr\/wp-content\/uploads\/2023\/11\/visuel-pochette-768x768.jpg\" class=\"attachment-medium_large size-medium_large wp-image-624\" alt=\"\" srcset=\"https:\/\/duosebetso.fr\/wp-content\/uploads\/2023\/11\/visuel-pochette-768x768.jpg 768w, https:\/\/duosebetso.fr\/wp-content\/uploads\/2023\/11\/visuel-pochette-300x300.jpg 300w, https:\/\/duosebetso.fr\/wp-content\/uploads\/2023\/11\/visuel-pochette-1024x1024.jpg 1024w, https:\/\/duosebetso.fr\/wp-content\/uploads\/2023\/11\/visuel-pochette-150x150.jpg 150w, https:\/\/duosebetso.fr\/wp-content\/uploads\/2023\/11\/visuel-pochette-1536x1536.jpg 1536w, https:\/\/duosebetso.fr\/wp-content\/uploads\/2023\/11\/visuel-pochette-2048x2048.jpg 2048w\" sizes=\"(max-width: 768px) 100vw, 768px\" \/>\t\t\t\t\t\t\t\t\t\t\t\t\t\t\t<\/div>\n\t\t\t\t<\/div>\n\t\t\t\t<\/div>\n\t\t<div class=\"elementor-element elementor-element-a87bd26 e-con-full e-flex e-con e-child\" data-id=\"a87bd26\" data-element_type=\"container\">\n\t\t\t\t<div class=\"elementor-element elementor-element-f530c31 elementor-widget elementor-widget-text-editor\" data-id=\"f530c31\" data-element_type=\"widget\" data-widget_type=\"text-editor.default\">\n\t\t\t\t<div class=\"elementor-widget-container\">\n\t\t\t\t\t\t\t\t\t<p><span style=\"text-decoration: underline;\">N\u00b04 :<\/span>\u00a0 Album po\u00e9tique et exclusivement en formule piano-chant, Sonia au chant, accompagn\u00e9e par Seb au piano. 16 chansons dont 4 reprises r\u00e9arrang\u00e9es issues d&rsquo;albums pr\u00e9c\u00e9dents.<\/p>\t\t\t\t\t\t\t\t<\/div>\n\t\t\t\t<\/div>\n\t\t\t\t<\/div>\n\t\t\t\t\t<\/div>\n\t\t\t\t<\/div>\n\t\t<div class=\"elementor-element elementor-element-caa68eb e-flex e-con-boxed e-con e-parent\" data-id=\"caa68eb\" data-element_type=\"container\">\n\t\t\t\t\t<div class=\"e-con-inner\">\n\t\t\t\t\t<\/div>\n\t\t\t\t<\/div>\n\t\t\t\t<\/div>\n\t\t","protected":false},"excerpt":{"rendered":"<p>Sans artifices : Premier album sorti en 2016, enregistr\u00e9 et mix\u00e9 par Samuel Leroy. 13 chansons fran\u00e7aises originales enregistr\u00e9es de mani\u00e8re \u00e9pur\u00e9e (deux voix avec guitare ou piano) d&rsquo;o\u00f9 le titre de l&rsquo;album. Comme \u00e0 la maison : 2\u00e8me album (2019), autoproduit int\u00e9gralement, comme le nom de l&rsquo;album le sugg\u00e8re. 13 chansons fran\u00e7aises originales dont&hellip;<\/p>\n","protected":false},"author":1,"featured_media":0,"parent":0,"menu_order":0,"comment_status":"closed","ping_status":"closed","template":"","meta":{"footnotes":""},"class_list":["post-358","page","type-page","status-publish","hentry"],"yoast_head":"<!-- This site is optimized with the Yoast SEO plugin v24.9 - https:\/\/yoast.com\/wordpress\/plugins\/seo\/ -->\n<title>Discographie - Seb &amp; So<\/title>\n<meta name=\"robots\" content=\"index, follow, max-snippet:-1, max-image-preview:large, max-video-preview:-1\" \/>\n<link rel=\"canonical\" href=\"https:\/\/duosebetso.fr\/?page_id=358\" \/>\n<meta property=\"og:locale\" content=\"fr_FR\" \/>\n<meta property=\"og:type\" content=\"article\" \/>\n<meta property=\"og:title\" content=\"Discographie - Seb &amp; So\" \/>\n<meta property=\"og:description\" content=\"Sans artifices : Premier album sorti en 2016, enregistr\u00e9 et mix\u00e9 par Samuel Leroy. 13 chansons fran\u00e7aises originales enregistr\u00e9es de mani\u00e8re \u00e9pur\u00e9e (deux voix avec guitare ou piano) d&rsquo;o\u00f9 le titre de l&rsquo;album. Comme \u00e0 la maison : 2\u00e8me album (2019), autoproduit int\u00e9gralement, comme le nom de l&rsquo;album le sugg\u00e8re. 13 chansons fran\u00e7aises originales dont&hellip;\" \/>\n<meta property=\"og:url\" content=\"https:\/\/duosebetso.fr\/?page_id=358\" \/>\n<meta property=\"og:site_name\" content=\"Seb &amp; So\" \/>\n<meta property=\"article:publisher\" content=\"https:\/\/www.facebook.com\/people\/Sebso\/100064023331351\/\" \/>\n<meta property=\"article:modified_time\" content=\"2024-03-03T15:00:17+00:00\" \/>\n<meta property=\"og:image\" content=\"http:\/\/duosebetso.fr\/wp-content\/uploads\/2023\/11\/cd1-sans-artifices-768x569.png\" \/>\n<meta name=\"twitter:card\" content=\"summary_large_image\" \/>\n<meta name=\"twitter:label1\" content=\"Dur\u00e9e de lecture estim\u00e9e\" \/>\n\t<meta name=\"twitter:data1\" content=\"3 minutes\" \/>\n<script type=\"application\/ld+json\" class=\"yoast-schema-graph\">{\"@context\":\"https:\/\/schema.org\",\"@graph\":[{\"@type\":\"WebPage\",\"@id\":\"https:\/\/duosebetso.fr\/?page_id=358\",\"url\":\"https:\/\/duosebetso.fr\/?page_id=358\",\"name\":\"Discographie - Seb &amp; So\",\"isPartOf\":{\"@id\":\"https:\/\/duosebetso.fr\/#website\"},\"primaryImageOfPage\":{\"@id\":\"https:\/\/duosebetso.fr\/?page_id=358#primaryimage\"},\"image\":{\"@id\":\"https:\/\/duosebetso.fr\/?page_id=358#primaryimage\"},\"thumbnailUrl\":\"http:\/\/duosebetso.fr\/wp-content\/uploads\/2023\/11\/cd1-sans-artifices-768x569.png\",\"datePublished\":\"2023-11-20T19:58:40+00:00\",\"dateModified\":\"2024-03-03T15:00:17+00:00\",\"breadcrumb\":{\"@id\":\"https:\/\/duosebetso.fr\/?page_id=358#breadcrumb\"},\"inLanguage\":\"fr-FR\",\"potentialAction\":[{\"@type\":\"ReadAction\",\"target\":[\"https:\/\/duosebetso.fr\/?page_id=358\"]}]},{\"@type\":\"ImageObject\",\"inLanguage\":\"fr-FR\",\"@id\":\"https:\/\/duosebetso.fr\/?page_id=358#primaryimage\",\"url\":\"https:\/\/duosebetso.fr\/wp-content\/uploads\/2023\/11\/cd1-sans-artifices.png\",\"contentUrl\":\"https:\/\/duosebetso.fr\/wp-content\/uploads\/2023\/11\/cd1-sans-artifices.png\",\"width\":3696,\"height\":2736},{\"@type\":\"BreadcrumbList\",\"@id\":\"https:\/\/duosebetso.fr\/?page_id=358#breadcrumb\",\"itemListElement\":[{\"@type\":\"ListItem\",\"position\":1,\"name\":\"Accueil\",\"item\":\"https:\/\/duosebetso.fr\/\"},{\"@type\":\"ListItem\",\"position\":2,\"name\":\"Discographie\"}]},{\"@type\":\"WebSite\",\"@id\":\"https:\/\/duosebetso.fr\/#website\",\"url\":\"https:\/\/duosebetso.fr\/\",\"name\":\"Seb & So\",\"description\":\"\",\"publisher\":{\"@id\":\"https:\/\/duosebetso.fr\/#organization\"},\"potentialAction\":[{\"@type\":\"SearchAction\",\"target\":{\"@type\":\"EntryPoint\",\"urlTemplate\":\"https:\/\/duosebetso.fr\/?s={search_term_string}\"},\"query-input\":{\"@type\":\"PropertyValueSpecification\",\"valueRequired\":true,\"valueName\":\"search_term_string\"}}],\"inLanguage\":\"fr-FR\"},{\"@type\":\"Organization\",\"@id\":\"https:\/\/duosebetso.fr\/#organization\",\"name\":\"Seb & So\",\"url\":\"https:\/\/duosebetso.fr\/\",\"logo\":{\"@type\":\"ImageObject\",\"inLanguage\":\"fr-FR\",\"@id\":\"https:\/\/duosebetso.fr\/#\/schema\/logo\/image\/\",\"url\":\"https:\/\/duosebetso.fr\/wp-content\/uploads\/2023\/11\/sebso1.png\",\"contentUrl\":\"https:\/\/duosebetso.fr\/wp-content\/uploads\/2023\/11\/sebso1.png\",\"width\":1407,\"height\":616,\"caption\":\"Seb & So\"},\"image\":{\"@id\":\"https:\/\/duosebetso.fr\/#\/schema\/logo\/image\/\"},\"sameAs\":[\"https:\/\/www.facebook.com\/people\/Sebso\/100064023331351\/\"]}]}<\/script>\n<!-- \/ Yoast SEO plugin. -->","yoast_head_json":{"title":"Discographie - Seb &amp; So","robots":{"index":"index","follow":"follow","max-snippet":"max-snippet:-1","max-image-preview":"max-image-preview:large","max-video-preview":"max-video-preview:-1"},"canonical":"https:\/\/duosebetso.fr\/?page_id=358","og_locale":"fr_FR","og_type":"article","og_title":"Discographie - Seb &amp; So","og_description":"Sans artifices : Premier album sorti en 2016, enregistr\u00e9 et mix\u00e9 par Samuel Leroy. 13 chansons fran\u00e7aises originales enregistr\u00e9es de mani\u00e8re \u00e9pur\u00e9e (deux voix avec guitare ou piano) d&rsquo;o\u00f9 le titre de l&rsquo;album. Comme \u00e0 la maison : 2\u00e8me album (2019), autoproduit int\u00e9gralement, comme le nom de l&rsquo;album le sugg\u00e8re. 13 chansons fran\u00e7aises originales dont&hellip;","og_url":"https:\/\/duosebetso.fr\/?page_id=358","og_site_name":"Seb &amp; So","article_publisher":"https:\/\/www.facebook.com\/people\/Sebso\/100064023331351\/","article_modified_time":"2024-03-03T15:00:17+00:00","og_image":[{"url":"http:\/\/duosebetso.fr\/wp-content\/uploads\/2023\/11\/cd1-sans-artifices-768x569.png","type":"","width":"","height":""}],"twitter_card":"summary_large_image","twitter_misc":{"Dur\u00e9e de lecture estim\u00e9e":"3 minutes"},"schema":{"@context":"https:\/\/schema.org","@graph":[{"@type":"WebPage","@id":"https:\/\/duosebetso.fr\/?page_id=358","url":"https:\/\/duosebetso.fr\/?page_id=358","name":"Discographie - Seb &amp; So","isPartOf":{"@id":"https:\/\/duosebetso.fr\/#website"},"primaryImageOfPage":{"@id":"https:\/\/duosebetso.fr\/?page_id=358#primaryimage"},"image":{"@id":"https:\/\/duosebetso.fr\/?page_id=358#primaryimage"},"thumbnailUrl":"http:\/\/duosebetso.fr\/wp-content\/uploads\/2023\/11\/cd1-sans-artifices-768x569.png","datePublished":"2023-11-20T19:58:40+00:00","dateModified":"2024-03-03T15:00:17+00:00","breadcrumb":{"@id":"https:\/\/duosebetso.fr\/?page_id=358#breadcrumb"},"inLanguage":"fr-FR","potentialAction":[{"@type":"ReadAction","target":["https:\/\/duosebetso.fr\/?page_id=358"]}]},{"@type":"ImageObject","inLanguage":"fr-FR","@id":"https:\/\/duosebetso.fr\/?page_id=358#primaryimage","url":"https:\/\/duosebetso.fr\/wp-content\/uploads\/2023\/11\/cd1-sans-artifices.png","contentUrl":"https:\/\/duosebetso.fr\/wp-content\/uploads\/2023\/11\/cd1-sans-artifices.png","width":3696,"height":2736},{"@type":"BreadcrumbList","@id":"https:\/\/duosebetso.fr\/?page_id=358#breadcrumb","itemListElement":[{"@type":"ListItem","position":1,"name":"Accueil","item":"https:\/\/duosebetso.fr\/"},{"@type":"ListItem","position":2,"name":"Discographie"}]},{"@type":"WebSite","@id":"https:\/\/duosebetso.fr\/#website","url":"https:\/\/duosebetso.fr\/","name":"Seb & So","description":"","publisher":{"@id":"https:\/\/duosebetso.fr\/#organization"},"potentialAction":[{"@type":"SearchAction","target":{"@type":"EntryPoint","urlTemplate":"https:\/\/duosebetso.fr\/?s={search_term_string}"},"query-input":{"@type":"PropertyValueSpecification","valueRequired":true,"valueName":"search_term_string"}}],"inLanguage":"fr-FR"},{"@type":"Organization","@id":"https:\/\/duosebetso.fr\/#organization","name":"Seb & So","url":"https:\/\/duosebetso.fr\/","logo":{"@type":"ImageObject","inLanguage":"fr-FR","@id":"https:\/\/duosebetso.fr\/#\/schema\/logo\/image\/","url":"https:\/\/duosebetso.fr\/wp-content\/uploads\/2023\/11\/sebso1.png","contentUrl":"https:\/\/duosebetso.fr\/wp-content\/uploads\/2023\/11\/sebso1.png","width":1407,"height":616,"caption":"Seb & So"},"image":{"@id":"https:\/\/duosebetso.fr\/#\/schema\/logo\/image\/"},"sameAs":["https:\/\/www.facebook.com\/people\/Sebso\/100064023331351\/"]}]}},"_links":{"self":[{"href":"https:\/\/duosebetso.fr\/index.php?rest_route=\/wp\/v2\/pages\/358","targetHints":{"allow":["GET"]}}],"collection":[{"href":"https:\/\/duosebetso.fr\/index.php?rest_route=\/wp\/v2\/pages"}],"about":[{"href":"https:\/\/duosebetso.fr\/index.php?rest_route=\/wp\/v2\/types\/page"}],"author":[{"embeddable":true,"href":"https:\/\/duosebetso.fr\/index.php?rest_route=\/wp\/v2\/users\/1"}],"replies":[{"embeddable":true,"href":"https:\/\/duosebetso.fr\/index.php?rest_route=%2Fwp%2Fv2%2Fcomments&post=358"}],"version-history":[{"count":28,"href":"https:\/\/duosebetso.fr\/index.php?rest_route=\/wp\/v2\/pages\/358\/revisions"}],"predecessor-version":[{"id":673,"href":"https:\/\/duosebetso.fr\/index.php?rest_route=\/wp\/v2\/pages\/358\/revisions\/673"}],"wp:attachment":[{"href":"https:\/\/duosebetso.fr\/index.php?rest_route=%2Fwp%2Fv2%2Fmedia&parent=358"}],"curies":[{"name":"wp","href":"https:\/\/api.w.org\/{rel}","templated":true}]}}